 is divided by 89453.
52
Calculate the remainder when 24940369 is divided by 1247013.
109
What is the remainder when 589408 is divided by 2948?
2756
Calculate the remainder when 35470 is divided by 1320.
1150
Calculate the remainder when 171252 is divided by 6039.
2160
Calculate the remainder when 639745 is divided by 79448.
4161
What is the remainder when 423648 is divided by 26475?
48
What is the remainder when 2804672 is divided by 233722?
8
What is the remainder when 1103338 is divided by 21?
19
What is the remainder when 59040 is divided by 217?
16
Calculate the remainder when 10867472 is divided by 132530.
12
What is the remainder when 145807 is divided by 16182?
169
Calculate the remainder when 522625 is divided by 4517.
3170
Calculate the remainder when 482071 is divided by 68845.
156
Calculate the remainder when 473077 is divided by 25.
2
Calculate the remainder when 83176664 is divided by 165.
164
Calculate the remainder when 2195727 is divided by 193.
159
Calculate the remainder when 10474434 is divided by 98.
96
What is the remainder when 131408 is divided by 433?
209
Calculate the remainder when 1034956 is divided by 993.
250
What is the remainder when 36577 is divided by 3160?
1817
Calculate the remainder when 154503 is divided by 49590.
5733
What is the remainder when 2966900 is divided by 5556?
5552
Calculate the remainder when 30932408 is divided by 146.
118
Calculate the remainder when 677087 is divided by 157.
103
What is the remainder when 121965984 is divided by 789?
786
What is the remainder when 174507 is divided by 21801?
99
Calculate the remainder when 407675 is divided by 17718.
161
What is the remainder when 2689502 is divided by 606?
74
What is the remainder when 17946446 is divided by 12?
2
Calculate the remainder when 15663 is divided by 303.
210
What is the remainder when 217879 is divided by 369?
169
What is the remainder when 162654 is divided by 53776?
1326
What is the remainder when 279817 is divided by 1428?
1357
Calculate the remainder when 2380497 is divided by 414.
411
Calculate the remainder when 9691816 is divided by 37.
36
Calculate the remainder when 570137 is divided by 142524.
41
What is the remainder when 7852276 is divided by 64?
52
Calculate the remainder when 12585358 is divided by 656.
654
What is the remainder when 2264989 is divided by 217?
160
What is the remainder when 882940261 is divided by 18166?
18163
Calculate the remainder when 20560228 is divided by 49.
24
What is the remainder when 75146129 is divided by 565?
564
Calculate the remainder when 1212922 is divided by 2084.
34
What is the remainder when 1007512 is divided by 99?
88
What is the remainder when 19516 is divided by 1508?
1420
Calculate the remainder when 536488 is divided by 592.
136
Calculate the remainder when 2450755 is divided by 195.
190
Calculate the remainder when 135261 is divided by 86.
69
What is the remainder when 38600444 is divided by 169?
168
What is the remainder when 562295 is divided by 117?
110
What is the remainder when 5847336 is divided by 396?
0
Calculate the remainder when 889804 is divided by 152.
148
Calculate the remainder when 1045830 is divided by 261399.
234
Calculate the remainder when 416983 is divided by 81.
76
Calculate the remainder when 2088972 is divided by 2415.
2412
Calculate the remainder when 905909 is divided by 905653.
256
What is the remainder when 1120482 is divided by 7534?
5450
What is the remainder when 1766543 is divided by 187?
141
Calculate the remainder when 1006015 is divided by 16736.
1855
What is the remainder when 267742693 is divided by 5?
3
What is the remainder when 122925 is divided by 61290?
345
What is the remainder when 30183794 is divided by 836?
14
What is the remainder when 5423438 is divided by 87471?
236
What is the remainder when 522559 is divided by 364?
219
What is the remainder when 15776703 is divided by 1126906?
19
Calculate the remainder when 1540232 is divided by 13031.
2574
Calculate the remainder when 413712 is divided by 239.
3
What is the remainder when 3865552 is divided by 75?
52
Calculate the remainder when 2598071 is divided by 31682.
147
What is the remainder when 6257320 is divided by 208577?
10
Calculate the remainder when 737413 is divided by 81882.
475
What is the remainder when 1660426 is divided by 48835?
36
Calculate the remainder when 646899 is divided by 513.
6
Calculate the remainder when 52909 is divided by 26309.
291
What is the remainder when 10354661 is divided by 674?
673
What is the remainder when 462109 is divided by 3819?
10
Calculate the remainder when 2013496 is divided by 6120.
16
What is the remainder when 48180 is divided by 5098?
2298
What is the remainder when 742183 is divided by 2822?
2819
Calculate the remainder when 1427734 is divided by 1481.
50
What is the remainder when 29482 is divided by 7353?
70
What is the remainder when 7177404 is divided by 1794346?
20
Calculate the remainder when 920804 is divided by 392.
388
What is the remainder when 34147129 is divided by 17073562?
5
What is the remainder when 48423 is divided by 283?
30
What is the remainder when 6457564 is divided by 40?
4
What is the remainder when 10340973 is divided by 7?
6
Calculate the remainder when 1063561 is divided by 6075.
436
What is the remainder when 59258 is divided by 2028?
446
Calculate the remainder when 229426 is divided by 302.
208
What is the remainder when 527155 is divided by 733?
128
Calculate the remainder when 1020086 is divided by 154.
144
Calculate the remainder when 1343984 is divided by 237.
194
What is the remainder when 4433165 is divided by 3410?
165
What is the remainder when 2874719 is divided by 11879?
1
What is the remainder when 1072585 is divided by 586?
205
What is the remainder when 3798114 is divided by 759586?
184
Calculate the remainder when 230548 is divided by 20460.
5488
Calculate the remainder when 45437632 is divided by 2559.
28
Calculate the remainder when 27117978 is divided by 54.
42
What is the remainder when 12658234 is divided by 3164546?
50
Calculate the remainder when 255318719 is divided by 48.
47
Calculate the remainder when 18190966 is divided by 1131.
1093
What is the remainder when 184137050 is divided by 1344066?
8
Calculate the remainder when 1658054 is divided by 413462.
4206
Calculate the remainder when 24157053 is divided by 21.
18
Calculate the remainder when 134968 is divided by 44718.
814
Calculate the remainder when 5082802 is divided by 171.
169
What is the remainder when 339433 is divided by 171?
169
Calculate the remainder when 28296 is divided by 7264.
6504
Calculate the remainder when 226953263 is divided by 8.
7
What is the remainder when 105410139 is divided by 43?
25
What is the remainder when 65005 is divided by 2826?
7
What is the remainder when 8209692 is divided by 323?
1
What is the remainder when 152109150 is divided by 691?
11
What is the remainder when 2955831 is divided by 422233?
200
What is the remainder when 54980 is divided by 12854?
3564
What is the remainder when 336216 is divided by 2616?
1368
What is the remainder when 3331315 is divided by 1110435?
10
Calculate the remainder when 1850283 is divided by 846.
81
Calculate the remainder when 13510633 is divided by 13510576.
57
What is the remainder when 26179 is divided by 11469?
3241
What is the remainder when 177804 is divided by 176073?
1731
Calculate the remainder when 5819303 is divided by 411.
365
What is the remainder when 5120642 is divided by 8?
2
What is the remainder when 99772796 is divided by 3800?
3796
What is the remainder when 158149922 is divided by 79074954?
14
What is the remainder when 2407711 is divided by 481539?
16
Calculate the remainder when 146716986 is divided by 4296.
4290
Calculate the remainder when 9265836 is divided by 1502.
1500
What is the remainder when 152153 is divided by 3460?
3373
What is the remainder when 492305445 is divided by 31?
25
Calculate the remainder when 21133922 is divided by 6.
2
What is the remainder when 3759696 is divided by 118?
98
Calculate the remainder when 16688 is divided by 924.
56
Calculate the remainder when 29804541 is divided by 331.
308
Calculate the remainder when 12455270 is divided by 282.
176
What is the remainder when 668025 is divi